{"id":162,"date":"2019-11-14T13:36:46","date_gmt":"2019-11-14T12:36:46","guid":{"rendered":"http:\/\/192.168.6.161\/wppintane\/?page_id=162"},"modified":"2020-11-03T11:21:02","modified_gmt":"2020-11-03T10:21:02","slug":"faq","status":"publish","type":"page","link":"https:\/\/www.bpintane.com\/index.php\/faq\/","title":{"rendered":"FAQ"},"content":{"rendered":"\t\t<div data-elementor-type=\"wp-page\" data-elementor-id=\"162\" class=\"elementor elementor-162\">\n\t\t\t\t\t\t\t\t\t<section class=\"elementor-section elementor-top-section elementor-element elementor-element-dfe411e elementor-section-content-middle elementor-section-boxed elementor-section-height-default elementor-section-height-default\" data-id=\"dfe411e\" data-element_type=\"section\">\n\t\t\t\t\t\t<div class=\"elementor-container elementor-column-gap-no\">\n\t\t\t\t\t<div class=\"elementor-column elementor-col-100 elementor-top-column elementor-element elementor-element-9634f4d\" data-id=\"9634f4d\" data-element_type=\"column\" data-settings=\"{&quot;background_background&quot;:&quot;slideshow&quot;,&quot;background_slideshow_gallery&quot;:[],&quot;background_slideshow_loop&quot;:&quot;yes&quot;,&quot;background_slideshow_slide_duration&quot;:5000,&quot;background_slideshow_slide_transition&quot;:&quot;fade&quot;,&quot;background_slideshow_transition_duration&quot;:500}\">\n\t\t\t<div class=\"elementor-widget-wrap elementor-element-populated\">\n\t\t\t\t\t\t\t\t<div class=\"elementor-element elementor-element-a63525c elementor-widget elementor-widget-text-editor\" data-id=\"a63525c\" data-element_type=\"widget\" data-widget_type=\"text-editor.default\">\n\t\t\t\t<div class=\"elementor-widget-container\">\n\t\t\t\t\t\t\t<h3 style=\"text-align: center;\"><span style=\"color: #266daa;\"><strong>Aqu\u00ed intentar\u00e9 resolver algunas de las dudas m\u00e1s frecuentes<\/strong><\/span><\/h3>\t\t\t\t\t\t<\/div>\n\t\t\t\t<\/div>\n\t\t\t\t\t<\/div>\n\t\t<\/div>\n\t\t\t\t\t\t\t<\/div>\n\t\t<\/section>\n\t\t\t\t<section class=\"elementor-section elementor-top-section elementor-element elementor-element-a1d7bae elementor-section-content-middle elementor-section-boxed elementor-section-height-default elementor-section-height-default\" data-id=\"a1d7bae\" data-element_type=\"section\">\n\t\t\t\t\t\t<div class=\"elementor-container elementor-column-gap-no\">\n\t\t\t\t\t<div class=\"elementor-column elementor-col-100 elementor-top-column elementor-element elementor-element-1dc641b\" data-id=\"1dc641b\" data-element_type=\"column\" data-settings=\"{&quot;background_background&quot;:&quot;slideshow&quot;,&quot;background_slideshow_gallery&quot;:[],&quot;background_slideshow_loop&quot;:&quot;yes&quot;,&quot;background_slideshow_slide_duration&quot;:5000,&quot;background_slideshow_slide_transition&quot;:&quot;fade&quot;,&quot;background_slideshow_transition_duration&quot;:500}\">\n\t\t\t<div class=\"elementor-widget-wrap elementor-element-populated\">\n\t\t\t\t\t\t\t\t<div class=\"elementor-element elementor-element-79e8b3c elementor-widget elementor-widget-toggle\" data-id=\"79e8b3c\" data-element_type=\"widget\" data-widget_type=\"toggle.default\">\n\t\t\t\t<div class=\"elementor-widget-container\">\n\t\t\t\t\t<div class=\"elementor-toggle\">\n\t\t\t\t\t\t\t<div class=\"elementor-toggle-item\">\n\t\t\t\t\t<div id=\"elementor-tab-title-1271\" class=\"elementor-tab-title\" data-tab=\"1\" role=\"button\" aria-controls=\"elementor-tab-content-1271\" aria-expanded=\"false\">\n\t\t\t\t\t\t\t\t\t\t\t\t<span class=\"elementor-toggle-icon elementor-toggle-icon-right\" aria-hidden=\"true\">\n\t\t\t\t\t\t\t\t\t\t\t\t\t\t\t<span class=\"elementor-toggle-icon-closed\"><i class=\"far fa-question-circle\"><\/i><\/span>\n\t\t\t\t\t\t\t\t<span class=\"elementor-toggle-icon-opened\"><i class=\"elementor-toggle-icon-opened fas fa-caret-up\"><\/i><\/span>\n\t\t\t\t\t\t\t\t\t\t\t\t\t<\/span>\n\t\t\t\t\t\t\t\t\t\t\t\t<a class=\"elementor-toggle-title\" tabindex=\"0\">\u00bfCu\u00e1ndo debemos de acudir a un psic\u00f3logo?<\/a>\n\t\t\t\t\t<\/div>\n\n\t\t\t\t\t<div id=\"elementor-tab-content-1271\" class=\"elementor-tab-content elementor-clearfix\" data-tab=\"1\" role=\"region\" aria-labelledby=\"elementor-tab-title-1271\"><p>Debemos de acudir al psic\u00f3logo cuando notemos s\u00edntomas que nos hagan perder nuestro equilibrio emocional, nuestra capacidad para disfrutar o cuando nuestra salud se vea afectada.<\/p><p>Entre los trastornos o problemas m\u00e1s comunes que indicar\u00edan que necesitas ir a un psic\u00f3logo, est\u00e1n por ejemplo:<\/p><ul><li>Trastornos del estado de \u00e1nimo, como la ansiedad y la depresi\u00f3n<\/li><li>Timidez y fobia social<\/li><li>Adicciones<\/li><li>Trastornos alimentarios, como la anorexia y la bulimia<\/li><li>Miedos y fobias<\/li><li>Estr\u00e9s<\/li><li>Trastornos del control de los impulsos<\/li><li>Problemas de autoestima y falta de confianza<\/li><li>Trastornos en la esfera de la sexualidad<\/li><li>Trastornos de personalidad<\/li><\/ul><p>Existen otras situaciones en las que un psic\u00f3logo te puede acompa\u00f1ar, como la resoluci\u00f3n de duelos, situaciones de car\u00e1cter traum\u00e1tico o en el enfrentamiento de situaciones de cambio en la vida.<\/p><\/div>\n\t\t\t\t<\/div>\n\t\t\t\t\t\t\t<div class=\"elementor-toggle-item\">\n\t\t\t\t\t<div id=\"elementor-tab-title-1272\" class=\"elementor-tab-title\" data-tab=\"2\" role=\"button\" aria-controls=\"elementor-tab-content-1272\" aria-expanded=\"false\">\n\t\t\t\t\t\t\t\t\t\t\t\t<span class=\"elementor-toggle-icon elementor-toggle-icon-right\" aria-hidden=\"true\">\n\t\t\t\t\t\t\t\t\t\t\t\t\t\t\t<span class=\"elementor-toggle-icon-closed\"><i class=\"far fa-question-circle\"><\/i><\/span>\n\t\t\t\t\t\t\t\t<span class=\"elementor-toggle-icon-opened\"><i class=\"elementor-toggle-icon-opened fas fa-caret-up\"><\/i><\/span>\n\t\t\t\t\t\t\t\t\t\t\t\t\t<\/span>\n\t\t\t\t\t\t\t\t\t\t\t\t<a class=\"elementor-toggle-title\" tabindex=\"0\">\u00bfC\u00f3mo ser\u00e1 el tratamiento?<\/a>\n\t\t\t\t\t<\/div>\n\n\t\t\t\t\t<div id=\"elementor-tab-content-1272\" class=\"elementor-tab-content elementor-clearfix\" data-tab=\"2\" role=\"region\" aria-labelledby=\"elementor-tab-title-1272\"><p>La terapia se realizar\u00e1 de una forma individualizada, estableciendo de forma conjunta los objetivos a tratar en funci\u00f3n de las necesidades de cada paciente.<\/p><p>Se estudiar\u00e1 el origen del conflicto analizando de manera profunda todas las situaciones, conductas y sentimientos que han estado vinculadas al problema.<\/p><p>Una vez que se comprenda el origen del problema se establecer\u00e1n las estrategias terap\u00e9uticas para eliminar o aliviar los s\u00edntomas que interfieren en tu vida cotidiana y afectan tu desempe\u00f1o.<\/p><\/div>\n\t\t\t\t<\/div>\n\t\t\t\t\t\t\t<div class=\"elementor-toggle-item\">\n\t\t\t\t\t<div id=\"elementor-tab-title-1273\" class=\"elementor-tab-title\" data-tab=\"3\" role=\"button\" aria-controls=\"elementor-tab-content-1273\" aria-expanded=\"false\">\n\t\t\t\t\t\t\t\t\t\t\t\t<span class=\"elementor-toggle-icon elementor-toggle-icon-right\" aria-hidden=\"true\">\n\t\t\t\t\t\t\t\t\t\t\t\t\t\t\t<span class=\"elementor-toggle-icon-closed\"><i class=\"far fa-question-circle\"><\/i><\/span>\n\t\t\t\t\t\t\t\t<span class=\"elementor-toggle-icon-opened\"><i class=\"elementor-toggle-icon-opened fas fa-caret-up\"><\/i><\/span>\n\t\t\t\t\t\t\t\t\t\t\t\t\t<\/span>\n\t\t\t\t\t\t\t\t\t\t\t\t<a class=\"elementor-toggle-title\" tabindex=\"0\">\u00bfEn qu\u00e9 puede ayudarte un psic\u00f3logo?<\/a>\n\t\t\t\t\t<\/div>\n\n\t\t\t\t\t<div id=\"elementor-tab-content-1273\" class=\"elementor-tab-content elementor-clearfix\" data-tab=\"3\" role=\"region\" aria-labelledby=\"elementor-tab-title-1273\"><p>Aprender a conocerte mejor, desarrollando una mayor autoconfianza y autoestima.<\/p><p>Potenciar una serie de habilidades que te convertir\u00e1n en una persona m\u00e1s resiliente.<\/p><p>Asumir un mayor compromiso con tus decisiones adoptando una actitud m\u00e1s activa ante la vida y acerc\u00e1ndote a tus metas.<\/p><p>Apropiarte de estrategias de resoluci\u00f3n de conflictos m\u00e1s asertivas que no solo te permitir\u00e1n solucionar el problema presente sino que te preparar\u00e1n para enfrentar retos futuros<\/p><\/div>\n\t\t\t\t<\/div>\n\t\t\t\t\t\t\t\t<\/div>\n\t\t\t\t<\/div>\n\t\t\t\t<\/div>\n\t\t\t\t\t<\/div>\n\t\t<\/div>\n\t\t\t\t\t\t\t<\/div>\n\t\t<\/section>\n\t\t\t\t<section class=\"elementor-section elementor-top-section elementor-element elementor-element-90d90c8 elementor-section-boxed elementor-section-height-default elementor-section-height-default\" data-id=\"90d90c8\" data-element_type=\"section\">\n\t\t\t\t\t\t<div class=\"elementor-container elementor-column-gap-default\">\n\t\t\t\t\t<div class=\"elementor-column elementor-col-100 elementor-top-column elementor-element elementor-element-c5b4185\" data-id=\"c5b4185\" data-element_type=\"column\">\n\t\t\t<div class=\"elementor-widget-wrap elementor-element-populated\">\n\t\t\t\t\t\t\t\t<div class=\"elementor-element elementor-element-73013cf elementor-widget elementor-widget-spacer\" data-id=\"73013cf\" data-element_type=\"widget\" data-widget_type=\"spacer.default\">\n\t\t\t\t<div class=\"elementor-widget-container\">\n\t\t\t\t\t<div class=\"elementor-spacer\">\n\t\t\t<div class=\"elementor-spacer-inner\"><\/div>\n\t\t<\/div>\n\t\t\t\t<\/div>\n\t\t\t\t<\/div>\n\t\t\t\t\t<\/div>\n\t\t<\/div>\n\t\t\t\t\t\t\t<\/div>\n\t\t<\/section>\n\t\t\t\t<section class=\"elementor-section elementor-top-section elementor-element elementor-element-959f801 elementor-section-boxed elementor-section-height-default elementor-section-height-default\" data-id=\"959f801\" data-element_type=\"section\">\n\t\t\t\t\t\t<div class=\"elementor-container elementor-column-gap-default\">\n\t\t\t\t\t<div class=\"elementor-column elementor-col-100 elementor-top-column elementor-element elementor-element-6648eba\" data-id=\"6648eba\" data-element_type=\"column\">\n\t\t\t<div class=\"elementor-widget-wrap elementor-element-populated\">\n\t\t\t\t\t\t\t\t<div class=\"elementor-element elementor-element-5061818 elementor-widget elementor-widget-heading\" data-id=\"5061818\" data-element_type=\"widget\" data-widget_type=\"heading.default\">\n\t\t\t\t<div class=\"elementor-widget-container\">\n\t\t\t<h2 class=\"elementor-heading-title elementor-size-default\">Pedir ayuda es un indicativo de personas valientes y luchadoras, que no se resignan ni conforman, sino que luchan por mejorar su situaci\u00f3n personal<\/h2>\t\t<\/div>\n\t\t\t\t<\/div>\n\t\t\t\t\t<\/div>\n\t\t<\/div>\n\t\t\t\t\t\t\t<\/div>\n\t\t<\/section>\n\t\t\t\t<section class=\"elementor-section elementor-top-section elementor-element elementor-element-27af1ed elementor-section-boxed elementor-section-height-default elementor-section-height-default\" data-id=\"27af1ed\" data-element_type=\"section\">\n\t\t\t\t\t\t<div class=\"elementor-container elementor-column-gap-default\">\n\t\t\t\t\t<div class=\"elementor-column elementor-col-100 elementor-top-column elementor-element elementor-element-a1c8a66\" data-id=\"a1c8a66\" data-element_type=\"column\">\n\t\t\t<div class=\"elementor-widget-wrap elementor-element-populated\">\n\t\t\t\t\t\t\t\t<div class=\"elementor-element elementor-element-c78fb77 elementor-widget elementor-widget-image\" data-id=\"c78fb77\" data-element_type=\"widget\" data-widget_type=\"image.default\">\n\t\t\t\t<div class=\"elementor-widget-container\">\n\t\t\t\t\t\t\t\t\t\t\t\t\t\t\t<img width=\"768\" height=\"384\" src=\"https:\/\/www.bpintane.com\/wp-content\/uploads\/2020\/11\/mindfulness-5371476-768x384.png\" class=\"attachment-medium_large size-medium_large wp-image-631\" alt=\"mindfulness\" loading=\"lazy\" srcset=\"https:\/\/www.bpintane.com\/wp-content\/uploads\/2020\/11\/mindfulness-5371476-768x384.png 768w, https:\/\/www.bpintane.com\/wp-content\/uploads\/2020\/11\/mindfulness-5371476-300x150.png 300w, https:\/\/www.bpintane.com\/wp-content\/uploads\/2020\/11\/mindfulness-5371476-1024x512.png 1024w, https:\/\/www.bpintane.com\/wp-content\/uploads\/2020\/11\/mindfulness-5371476-1536x768.png 1536w, https:\/\/www.bpintane.com\/wp-content\/uploads\/2020\/11\/mindfulness-5371476.png 1920w\" sizes=\"(max-width: 768px) 100vw, 768px\" \/>\t\t\t\t\t\t\t\t\t\t\t\t\t\t\t<\/div>\n\t\t\t\t<\/div>\n\t\t\t\t\t<\/div>\n\t\t<\/div>\n\t\t\t\t\t\t\t<\/div>\n\t\t<\/section>\n\t\t\t\t\t\t\t<\/div>\n\t\t","protected":false},"excerpt":{"rendered":"<p>Aqu\u00ed intentar\u00e9 resolver algunas de las dudas m\u00e1s frecuentes \u00bfCu\u00e1ndo debemos de acudir a un psic\u00f3logo? Debemos de acudir al psic\u00f3logo cuando notemos s\u00edntomas que nos hagan perder nuestro equilibrio emocional, nuestra capacidad para disfrutar o cuando nuestra salud se &hellip; <a href=\"https:\/\/www.bpintane.com\/index.php\/faq\/\">Continuar<\/a><\/p>\n","protected":false},"author":1,"featured_media":0,"parent":0,"menu_order":0,"comment_status":"closed","ping_status":"closed","template":"page-fullwidth.php","meta":{"kt_blocks_editor_width":""},"_links":{"self":[{"href":"https:\/\/www.bpintane.com\/index.php\/wp-json\/wp\/v2\/pages\/162"}],"collection":[{"href":"https:\/\/www.bpintane.com\/index.php\/wp-json\/wp\/v2\/pages"}],"about":[{"href":"https:\/\/www.bpintane.com\/index.php\/wp-json\/wp\/v2\/types\/page"}],"author":[{"embeddable":true,"href":"https:\/\/www.bpintane.com\/index.php\/wp-json\/wp\/v2\/users\/1"}],"replies":[{"embeddable":true,"href":"https:\/\/www.bpintane.com\/index.php\/wp-json\/wp\/v2\/comments?post=162"}],"version-history":[{"count":63,"href":"https:\/\/www.bpintane.com\/index.php\/wp-json\/wp\/v2\/pages\/162\/revisions"}],"predecessor-version":[{"id":633,"href":"https:\/\/www.bpintane.com\/index.php\/wp-json\/wp\/v2\/pages\/162\/revisions\/633"}],"wp:attachment":[{"href":"https:\/\/www.bpintane.com\/index.php\/wp-json\/wp\/v2\/media?parent=162"}],"curies":[{"name":"wp","href":"https:\/\/api.w.org\/{rel}","templated":true}]}}